{"id":26,"date":"2022-02-23T16:00:18","date_gmt":"2022-02-23T16:00:18","guid":{"rendered":"https:\/\/sumeshi.md\/?page_id=26"},"modified":"2024-02-13T20:31:00","modified_gmt":"2024-02-13T18:31:00","slug":"alergeni","status":"publish","type":"page","link":"https:\/\/sumeshi.md\/riscani\/alergeni\/","title":{"rendered":"Alergeni"},"content":{"rendered":"\n<p>Conform directivei 2000\/13\/CE a Parlamentulul European \u015fi a Consiliului din 20 martie 2000, alergenii din alimente se pot \u00eencadra in urm\u0103toarele grupe:\u00b7 <\/p>\n\n\n\n<ul class=\"wp-block-list\">\n<li>Pe\u0219te (\u0219i produse derivate)<\/li>\n\n\n\n<li>Arahide (\u0219i produse derivate)<\/li>\n\n\n\n<li>Soia (\u0219i produse derivate)<\/li>\n\n\n\n<li>Lapte (\u0219i produse derivate, inclusiv lactoz\u0103)<\/li>\n\n\n\n<li>Mu\u0219tar (\u0219i produse derivate)<\/li>\n\n\n\n<li>Susan (\u0219i produse derivate)<\/li>\n\n\n\n<li>Molu\u0219te (\u0219i produse derivate)<\/li>\n\n\n\n<li>Ou\u0103 (\u0219i produse derivate)<\/li>\n\n\n\n<li>Crustacee (\u0219i produse derivate)<\/li>\n\n\n\n<li>Cereale care con\u021bin gluten (\u0219i produse derivate)<\/li>\n\n\n\n<li>Dioxid de sulf \u0219i sulfi\u021bi<\/li>\n\n\n\n<li>Nuci \u0219i migdale (\u0219i produse derivate)<\/li>\n\n\n\n<li>Alune de p\u0103dure, fistic \u0219i alte fructe cu coaj\u0103 (\u0219i produse derivate)<\/li>\n<\/ul>\n\n\n\n<p>\u00cen cazul \u00een care sunte\u021bi alergic sau ave\u021bi intoleran\u021b\u0103 la vreun ingredient, v\u0103 rug\u0103m s\u0103 consulta\u021bi cu aten\u021bie lista \u00eenainte de a plasa comanda!<\/p>\n\n\n\n<p>Alergenii pot fi prezen\u021bi \u00een produse ca atare sau ca urmare a unor contamin\u0103ri pe fluxul de produc\u021bie. Pentru mai multe informatii referitoare la produsele noastre v\u0103 rug\u0103m s\u0103 v\u0103 adresa\u021bi personalului nostru.<\/p>\n","protected":false},"excerpt":{"rendered":"<p>Conform directivei 2000\/13\/CE a Parlamentulul European \u015fi a Consiliului din 20 martie 2000, alergenii din alimente se pot \u00eencadra in urm\u0103toarele grupe:\u00b7 \u00cen cazul \u00een care sunte\u021bi alergic sau ave\u021bi intoleran\u021b\u0103 la vreun ingredient, v\u0103 rug\u0103m s\u0103 consulta\u021bi cu aten\u021bie lista \u00eenainte de a plasa comanda! Alergenii pot fi prezen\u021bi \u00een produse ca atare sau [&hellip;]<\/p>\n","protected":false},"author":1,"featured_media":0,"parent":0,"menu_order":1,"comment_status":"closed","ping_status":"closed","template":"","meta":{"footnotes":""},"class_list":["post-26","page","type-page","status-publish","hentry"],"yoast_head":"<!-- This site is optimized with the Yoast SEO plugin v26.3 - https:\/\/yoast.com\/wordpress\/plugins\/seo\/ -->\n<title>Alergeni | Sumeshi Riscani<\/title>\n<meta name=\"description\" content=\"Alergeni | Sumeshi Riscani\" \/>\n<meta name=\"robots\" content=\"index, follow, max-snippet:-1, max-image-preview:large, max-video-preview:-1\" \/>\n<link rel=\"canonical\" href=\"https:\/\/sumeshi.md\/riscani\/alergeni\/\" \/>\n<meta property=\"og:locale\" content=\"ro_RO\" \/>\n<meta property=\"og:type\" content=\"article\" \/>\n<meta property=\"og:title\" content=\"Alergeni | Sumeshi Riscani\" \/>\n<meta property=\"og:description\" content=\"Alergeni | Sumeshi Riscani\" \/>\n<meta property=\"og:url\" content=\"https:\/\/sumeshi.md\/riscani\/alergeni\/\" \/>\n<meta property=\"og:site_name\" content=\"Sumeshi Riscani\" \/>\n<meta property=\"article:publisher\" content=\"https:\/\/www.facebook.com\/sumeshi.md\" \/>\n<meta property=\"article:modified_time\" content=\"2024-02-13T18:31:00+00:00\" \/>\n<meta property=\"og:image\" content=\"https:\/\/sumeshi.md\/riscani\/wp-content\/uploads\/2024\/02\/Logo_Sumeshi_big.jpg\" \/>\n\t<meta property=\"og:image:width\" content=\"1200\" \/>\n\t<meta property=\"og:image:height\" content=\"675\" \/>\n\t<meta property=\"og:image:type\" content=\"image\/jpeg\" \/>\n<meta name=\"twitter:card\" content=\"summary_large_image\" \/>\n<meta name=\"twitter:label1\" content=\"Timp estimat pentru citire\" \/>\n\t<meta name=\"twitter:data1\" content=\"1 minut\" \/>\n<script type=\"application\/ld+json\" class=\"yoast-schema-graph\">{\"@context\":\"https:\/\/schema.org\",\"@graph\":[{\"@type\":\"WebPage\",\"@id\":\"https:\/\/sumeshi.md\/riscani\/alergeni\/\",\"url\":\"https:\/\/sumeshi.md\/riscani\/alergeni\/\",\"name\":\"Alergeni | Sumeshi Riscani\",\"isPartOf\":{\"@id\":\"https:\/\/sumeshi.md\/riscani\/#website\"},\"datePublished\":\"2022-02-23T16:00:18+00:00\",\"dateModified\":\"2024-02-13T18:31:00+00:00\",\"description\":\"Alergeni | Sumeshi Riscani\",\"breadcrumb\":{\"@id\":\"https:\/\/sumeshi.md\/riscani\/alergeni\/#breadcrumb\"},\"inLanguage\":\"ro-RO\",\"potentialAction\":[{\"@type\":\"ReadAction\",\"target\":[\"https:\/\/sumeshi.md\/riscani\/alergeni\/\"]}]},{\"@type\":\"BreadcrumbList\",\"@id\":\"https:\/\/sumeshi.md\/riscani\/alergeni\/#breadcrumb\",\"itemListElement\":[{\"@type\":\"ListItem\",\"position\":1,\"name\":\"Home\",\"item\":\"https:\/\/sumeshi.md\/riscani\/\"},{\"@type\":\"ListItem\",\"position\":2,\"name\":\"Alergeni\"}]},{\"@type\":\"WebSite\",\"@id\":\"https:\/\/sumeshi.md\/riscani\/#website\",\"url\":\"https:\/\/sumeshi.md\/riscani\/\",\"name\":\"Sumeshi Riscani - Sushi Caf\u0435\u0301 & Asian Shop Chi\u0219in\u0103u (sector R\u00ee\u0219cani)\",\"description\":\"Sumeshi Riscani - Sushi Caf\u0435\u0301 &amp; Asian Shop Chi\u0219in\u0103u (sector R\u00ee\u0219cani)\",\"publisher\":{\"@id\":\"https:\/\/sumeshi.md\/riscani\/#organization\"},\"alternateName\":\"Sumeshi Riscani Sushi\",\"potentialAction\":[{\"@type\":\"SearchAction\",\"target\":{\"@type\":\"EntryPoint\",\"urlTemplate\":\"https:\/\/sumeshi.md\/riscani\/?s={search_term_string}\"},\"query-input\":{\"@type\":\"PropertyValueSpecification\",\"valueRequired\":true,\"valueName\":\"search_term_string\"}}],\"inLanguage\":\"ro-RO\"},{\"@type\":\"Organization\",\"@id\":\"https:\/\/sumeshi.md\/riscani\/#organization\",\"name\":\"Sumeshi Sushi R\u00ee\u0219cani\",\"alternateName\":\"Sumeshi Sushi Asian Shop R\u00ee\u0219cani\",\"url\":\"https:\/\/sumeshi.md\/riscani\/\",\"logo\":{\"@type\":\"ImageObject\",\"inLanguage\":\"ro-RO\",\"@id\":\"https:\/\/sumeshi.md\/riscani\/#\/schema\/logo\/image\/\",\"url\":\"https:\/\/sumeshi.md\/riscani\/wp-content\/uploads\/2024\/02\/Logo_Sumeshi_square.jpg\",\"contentUrl\":\"https:\/\/sumeshi.md\/riscani\/wp-content\/uploads\/2024\/02\/Logo_Sumeshi_square.jpg\",\"width\":560,\"height\":560,\"caption\":\"Sumeshi Sushi R\u00ee\u0219cani\"},\"image\":{\"@id\":\"https:\/\/sumeshi.md\/riscani\/#\/schema\/logo\/image\/\"},\"sameAs\":[\"https:\/\/www.facebook.com\/sumeshi.md\",\"https:\/\/www.instagram.com\/sumeshi.md\/\",\"https:\/\/www.tiktok.com\/@sumeshi.md\"]}]}<\/script>\n<!-- \/ Yoast SEO plugin. -->","yoast_head_json":{"title":"Alergeni | Sumeshi Riscani","description":"Alergeni | Sumeshi Riscani","robots":{"index":"index","follow":"follow","max-snippet":"max-snippet:-1","max-image-preview":"max-image-preview:large","max-video-preview":"max-video-preview:-1"},"canonical":"https:\/\/sumeshi.md\/riscani\/alergeni\/","og_locale":"ro_RO","og_type":"article","og_title":"Alergeni | Sumeshi Riscani","og_description":"Alergeni | Sumeshi Riscani","og_url":"https:\/\/sumeshi.md\/riscani\/alergeni\/","og_site_name":"Sumeshi Riscani","article_publisher":"https:\/\/www.facebook.com\/sumeshi.md","article_modified_time":"2024-02-13T18:31:00+00:00","og_image":[{"width":1200,"height":675,"url":"https:\/\/sumeshi.md\/riscani\/wp-content\/uploads\/2024\/02\/Logo_Sumeshi_big.jpg","type":"image\/jpeg"}],"twitter_card":"summary_large_image","twitter_misc":{"Timp estimat pentru citire":"1 minut"},"schema":{"@context":"https:\/\/schema.org","@graph":[{"@type":"WebPage","@id":"https:\/\/sumeshi.md\/riscani\/alergeni\/","url":"https:\/\/sumeshi.md\/riscani\/alergeni\/","name":"Alergeni | Sumeshi Riscani","isPartOf":{"@id":"https:\/\/sumeshi.md\/riscani\/#website"},"datePublished":"2022-02-23T16:00:18+00:00","dateModified":"2024-02-13T18:31:00+00:00","description":"Alergeni | Sumeshi Riscani","breadcrumb":{"@id":"https:\/\/sumeshi.md\/riscani\/alergeni\/#breadcrumb"},"inLanguage":"ro-RO","potentialAction":[{"@type":"ReadAction","target":["https:\/\/sumeshi.md\/riscani\/alergeni\/"]}]},{"@type":"BreadcrumbList","@id":"https:\/\/sumeshi.md\/riscani\/alergeni\/#breadcrumb","itemListElement":[{"@type":"ListItem","position":1,"name":"Home","item":"https:\/\/sumeshi.md\/riscani\/"},{"@type":"ListItem","position":2,"name":"Alergeni"}]},{"@type":"WebSite","@id":"https:\/\/sumeshi.md\/riscani\/#website","url":"https:\/\/sumeshi.md\/riscani\/","name":"Sumeshi Riscani - Sushi Caf\u0435\u0301 & Asian Shop Chi\u0219in\u0103u (sector R\u00ee\u0219cani)","description":"Sumeshi Riscani - Sushi Caf\u0435\u0301 &amp; Asian Shop Chi\u0219in\u0103u (sector R\u00ee\u0219cani)","publisher":{"@id":"https:\/\/sumeshi.md\/riscani\/#organization"},"alternateName":"Sumeshi Riscani Sushi","potentialAction":[{"@type":"SearchAction","target":{"@type":"EntryPoint","urlTemplate":"https:\/\/sumeshi.md\/riscani\/?s={search_term_string}"},"query-input":{"@type":"PropertyValueSpecification","valueRequired":true,"valueName":"search_term_string"}}],"inLanguage":"ro-RO"},{"@type":"Organization","@id":"https:\/\/sumeshi.md\/riscani\/#organization","name":"Sumeshi Sushi R\u00ee\u0219cani","alternateName":"Sumeshi Sushi Asian Shop R\u00ee\u0219cani","url":"https:\/\/sumeshi.md\/riscani\/","logo":{"@type":"ImageObject","inLanguage":"ro-RO","@id":"https:\/\/sumeshi.md\/riscani\/#\/schema\/logo\/image\/","url":"https:\/\/sumeshi.md\/riscani\/wp-content\/uploads\/2024\/02\/Logo_Sumeshi_square.jpg","contentUrl":"https:\/\/sumeshi.md\/riscani\/wp-content\/uploads\/2024\/02\/Logo_Sumeshi_square.jpg","width":560,"height":560,"caption":"Sumeshi Sushi R\u00ee\u0219cani"},"image":{"@id":"https:\/\/sumeshi.md\/riscani\/#\/schema\/logo\/image\/"},"sameAs":["https:\/\/www.facebook.com\/sumeshi.md","https:\/\/www.instagram.com\/sumeshi.md\/","https:\/\/www.tiktok.com\/@sumeshi.md"]}]}},"_links":{"self":[{"href":"https:\/\/sumeshi.md\/riscani\/wp-json\/wp\/v2\/pages\/26","targetHints":{"allow":["GET"]}}],"collection":[{"href":"https:\/\/sumeshi.md\/riscani\/wp-json\/wp\/v2\/pages"}],"about":[{"href":"https:\/\/sumeshi.md\/riscani\/wp-json\/wp\/v2\/types\/page"}],"author":[{"embeddable":true,"href":"https:\/\/sumeshi.md\/riscani\/wp-json\/wp\/v2\/users\/1"}],"replies":[{"embeddable":true,"href":"https:\/\/sumeshi.md\/riscani\/wp-json\/wp\/v2\/comments?post=26"}],"version-history":[{"count":2,"href":"https:\/\/sumeshi.md\/riscani\/wp-json\/wp\/v2\/pages\/26\/revisions"}],"predecessor-version":[{"id":1163,"href":"https:\/\/sumeshi.md\/riscani\/wp-json\/wp\/v2\/pages\/26\/revisions\/1163"}],"wp:attachment":[{"href":"https:\/\/sumeshi.md\/riscani\/wp-json\/wp\/v2\/media?parent=26"}],"curies":[{"name":"wp","href":"https:\/\/api.w.org\/{rel}","templated":true}]}}